s digit of 1290797?
9
What is the millions digit of 3409483?
3
What is the millions digit of 14864876?
4
What is the tens digit of 1312715?
1
What is the hundred thousands digit of 580690?
5
What is the thousands digit of 1184207?
4
What is the tens digit of 204782?
8
What is the thousands digit of 227804?
7
What is the units digit of 137192?
2
What is the ten millions digit of 21150875?
2
What is the millions digit of 22832610?
2
What is the hundred thousands digit of 23081966?
0
What is the hundreds digit of 956169?
1
What is the hundred thousands digit of 2148935?
1
What is the ten thousands digit of 367355?
6
What is the ten thousands digit of 220995?
2
What is the hundreds digit of 197856?
8
What is the millions digit of 7550270?
7
What is the hundreds digit of 2717578?
5
What is the tens digit of 103433?
3
What is the ten thousands digit of 81017?
8
What is the thousands digit of 11324664?
4
What is the millions digit of 2090402?
2
What is the ten millions digit of 20749382?
2
What is the units digit of 3507566?
6
What is the millions digit of 1968478?
1
What is the hundred thousands digit of 9839355?
8
What is the hundred thousands digit of 1710984?
7
What is the hundreds digit of 127170?
1
What is the tens digit of 445308?
0
What is the units digit of 3358471?
1
What is the hundred thousands digit of 625545?
6
What is the tens digit of 13638108?
0
What is the tens digit of 4322532?
3
What is the units digit of 580587?
7
What is the hundreds digit of 2244528?
5
What is the ten thousands digit of 267847?
6
What is the ten thousands digit of 223738?
2
What is the units digit of 2892921?
1
What is the ten thousands digit of 167792?
6
What is the tens digit of 146231?
3
What is the hundreds digit of 13986434?
4
What is the units digit of 568724?
4
What is the hundreds digit of 69086?
0
What is the tens digit of 517497?
9
What is the hundreds digit of 81452?
4
What is the thousands digit of 331426?
1
What is the ten thousands digit of 16869128?
6
What is the ten thousands digit of 724364?
2
What is the units digit of 66795?
5
What is the hundreds digit of 632580?
5
What is the tens digit of 4331098?
9
What is the thousands digit of 2738593?
8
What is the ten thousands digit of 1687002?
8
What is the units digit of 3033432?
2
What is the hundred thousands digit of 544267?
5
What is the hundreds digit of 2039297?
2
What is the hundred thousands digit of 397865?
3
What is the thousands digit of 478684?
8
What is the tens digit of 483825?
2
What is the thousands digit of 30946?
0
What is the hundred thousands digit of 632028?
6
What is the thousands digit of 7665430?
5
What is the ten thousands digit of 17792325?
9
What is the millions digit of 4348887?
4
What is the units digit of 410548?
8
What is the hundreds digit of 703775?
7
What is the hundred thousands digit of 215996?
2
What is the tens digit of 1929992?
9
What is the units digit of 988794?
4
What is the tens digit of 161875?
7
What is the tens digit of 550768?
6
What is the hundred thousands digit of 332493?
3
What is the tens digit of 61908?
0
What is the hundreds digit of 2071032?
0
What is the ten thousands digit of 323609?
2
What is the tens digit of 780248?
4
What is the ten thousands digit of 26671?
2
What is the millions digit of 8277485?
8
What is the hundred thousands digit of 2766018?
7
What is the millions digit of 4832092?
4
What is the units digit of 139166?
6
What is the thousands digit of 4629609?
9
What is the hundred thousands digit of 537674?
5
What is the hundred thousands digit of 1883707?
8
What is the ten thousands digit of 7861690?
6
What is the tens digit of 614462?
6
What is the tens digit of 25048249?
4
What is the tens digit of 1572068?
6
What is the hundreds digit of 19629438?
4
What is the hundreds digit of 11046060?
0
What is the tens digit of 12758343?
4
What is the tens digit of 1097805?
0
What is the tens digit of 2368762?
6
What is the ten thousands digit of 960088?
6
What is the millions digit of 2338591?
2
What is the tens digit of 614406?
0
What is the ten thousands digit of 841685?
4
What is the ten thousands digit of 1398278?
9
What is the ten thousands digit of 1063022?
6
What is the thousands digit of 837420?
7
What is the thousands digit of 7448?
7
What is the hundred thousands digit of 1034902?
0
What is the thousands digit of 178716?
8
What is the tens digit of 1542569?
6
What is the tens digit of 7988744?
4
What is the hundreds digit of 5565058?
0
What is the units digit of 1840951?
1
What is the hundred thousands digit of 18406617?
4
What is the units digit of 10977201?
1
What is the hundreds digit of 103907?
9
What is the tens digit of 1533262?
6
What is the tens digit of 2649884?
8
What is the thousands digit of 31019510?
9
What is the millions digit of 1693991?
1
What is the ten thousands digit of 176740?
7
What is the ten thousands digit of 12977261?
7
What is the ten thousands digit of 1139602?
3
What is the ten thousands digit of 9434202?
3
What is the ten thousands digit of 31042154?
4
What is the tens digit of 28687?
8
What is the millions digit of 4475950?
4
What is the ten millions digit of 19558511?
1
What is the tens digit of 214598?
9
What is the ten thousands digit of 2753780?
5
What is the thousands digit of 326838?
6
What is the units digit of 204575?
5
What is the units digit of 61687?
7
What is the hundreds digit of 1286382?
3
What is the hundreds digit of 326340?
3
What is the thousands digit of 468723?
8
What is the tens digit of 622216?
1
What is the tens digit of 1362586?
8
What is the hundred thousands digit of 850548?
8
What is the hundred thousands digit of 4397658?
3
What is the hundreds digit of 334980?
9
What is the ten thousands digit of 224586?
2
What is the units digit of 197153?
3
What is the hundreds digit of 3272083?
0
What is the hundred thousands digit of 2100840?
1
What is the units digit of 1117324?
4
What is the units digit of 849078?
8
What is the thousands digit of 150359?
0
What is the hundreds digit of 810449?
4
What is the units digit of 594151?
1
What is the thousands digit of 92340?
2
What is the tens digit of 768773?
7
What is the ten thousands digit of 374466?
7
What is the hundred thousands digit of 221489?
2
What is the thousands digit of 2642113?
2
What is the ten millions digit of 11271409?
1
What is the hundred thousands digit of 447026?
4
What is the ten thousands digit of 2561878?
6
What is the tens digit of 252568?
6
What is the ten thousands digit of 3230533?
3
What is the tens digit of 529604?
0
What is the units digit of 16969850?
0
What is the hundreds digit of 178153?
1
What is the ten millions digit of 11218609?
1
What is the thousands digit of 1096824?
6
What is the hundreds digit of 1468684?
6
What is the units digit of 3442989?
9
What is the hundred thousands digit of 558001?
5
What is the hundred thousands digit of 4858890?
8
What is the tens digit of 121964?
6
What is the hundred thousands digit of 826954?
8
What is the tens digit of 98153?
5
What is the units digit of 20458889?
9
What is the ten thousands digit of 947508?
4
What is the thousands digit of 300754?
0
What is the units digit of 3216474?
4
What is the thousands digit of 39790?
9
What is the tens digit of 211539?
3
What is the hundreds digit of 91193?
1
What is the ten thousands digit of 162636?
6
What is the ten thousands digit of 386748?
8
What is the ten thousands digit of 2202442?
0
What is the ten thousands digit of 4871237?
7
What is the hundred thousands digit of 325568?
3
What is the ten thousands digit of 1321315?
2
What is the hundred thousands digit of 342845?
3
What is the tens digit of 4357154?
5
What is the hundreds digit of 375313?
3
What is the hundreds digit of 154588?
5
What is the hundreds digit of 424595?
5
What is the ten thousands digit of 8966344?
6
What is the millions digit of 3480260?
3
What is the tens digit of 57624?
2
What is the units digit of 425744?
4
What is the units digit of 264629?
9
What is the units digit of 6108134?
4
What is the ten thousands digit of 11913824?
1
What is the tens digit of 828682?
8
What is the hundred thousands digit of 1723492?
7
What is the hundred thousands digit of 2038024?
0
What is the thousands digit of 4005045?
5
What is the ten thousands digit